 5*c**3/3 + 7*c**2 + 3*c. What are the prime factors of k(10)?
2, 5
Let y(f) = -2*f + 6. Let b be y(5). Let i = -97 + 65. Let d = b - i. List the prime factors of d.
2, 7
Suppose -4*t = -4*h + 1608, 11*t - 1635 = -4*h + 6*t. What are the prime factors of h?
3, 5
Suppose -186 = -6*t - 0*t. Let p = t - 0. List the prime factors of p.
31
Let y be (-87)/(-58) - 2/(4/213). What are the prime factors of (y/70)/((-1)/162)?
3
Let f(s) = -s**3 + 16*s**2 - 11*s + 25. List the prime factors of f(14).
263
Let s(y) = y**2 - 6*y - 14. Let a be s(-15). Let i = a + -147. List the prime factors of i.
2, 7, 11
Let b be (180/(-21))/(-3 + (-100)/(-35)). Suppose -3*s - 5*x = -b, 0 = -3*s - s + 4*x + 48. List the prime factors of s.
3, 5
Let n(q) = 4*q - 9. Let b = -16 + 33. What are the prime factors of n(b)?
59
Let n = -170 + 169. List the prime factors of (-3)/(1/(9 + 1))*n.
2, 3, 5
Let w = 122 - 41. Suppose 96 = 3*y - 0*y + 4*k, k = 3*y - w. What are the prime factors of y?
2, 7
Let g(j) = -15*j - 6. Let z be g(-2). Suppose q + 3*q - z = 3*t, 4*q + 3*t - 24 = 0. What are the prime factors of q?
2, 3
Let l(b) = -b**2 + 4*b + 14. Let d be l(6). Suppose d*p = -2*i + 9 + 99, 4*p = -3*i + 212. List the prime factors of p.
2, 5
List the prime factors of -64*(-9)/6*(-6)/(-9).
2
Let q(u) = -u**2 - 4*u + 4. Let d be 159/15 - 6/(-15). Let v = d + -15. What are the prime factors of q(v)?
2
Let z(m) = -2*m**3 - 5*m**2 - 8*m - 19. List the prime factors of z(-11).
2, 1063
What are the prime factors of 1/(-7) - ((-1544)/28 - -7)?
2, 3
Let i be (8/32)/((-2)/(-8)). Let s be (i - (-36)/(-20))*5. Let r(q) = -5*q + 5. List the prime factors of r(s).
5
Let s(y) = 23*y + 37. Let m(u) = 11*u + 18. Let o(f) = -11*m(f) + 6*s(f). What are the prime factors of o(12)?
2, 3, 19
Suppose 67 = -2*z + 249. Suppose -2*m = x + z - 230, 4*m + x = 283. What are the prime factors of m?
2, 3
Let b(n) = -n**2 - 13*n - 13. Suppose -4*a - 2*z - 64 = 3*z, 0 = 4*a + 2*z + 52. Let t be b(a). Suppose 3*s - 180 + t = 0. List the prime factors of s.
3, 19
Let u be 3 + -1*(-1 + 0). What are the prime factors of 22594/442 - u/34?
3, 17
Let l(n) = -4 - 6 + n + 13 + 17. What are the prime factors of l(0)?
2, 5
Suppose -9*u = -7*u + 10*u. Suppose -13*k - 225 + 1239 = u. What are the prime factors of k?
2, 3, 13
Let w be ((-3 - -3) + 1)*-1. List the prime factors of 43 - (w + -2 + 2).
2, 11
Let m = 81 + -78. Let h(g) = g**2 + 2*g - 3. Let a be h(2). Suppose -m*q = -4*q - a*x + 34, 0 = 3*q - 4*x - 140. What are the prime factors of q?
2, 11
List the prime factors of 2*1/(-8)*10*-1678.
5, 839
Suppose 2*f = -2*x + 32, -x + 4*f - 48 = -4*x. Suppose -10*z = -x*z + 840. List the prime factors of z.
2, 5, 7
Let l(d) = 129*d + 91. List the prime factors of l(9).
2, 313
Let i be (6/12)/(2/(-236)). Let n = i - -121. List the prime factors of n.
2, 31
Suppose 0*k - 292 = -2*k - 2*p, -3*p + 144 = k. List the prime factors of k.
3, 7
Let x(a) = 2*a**2 + 7*a - 68. What are the prime factors of x(-12)?
2, 17
Suppose 2*u - 70 - 218 = 0. Suppose u = 3*d - 93. Suppose -56 + 14 = -2*l + 4*i, -3*l + d = 2*i. What are the prime factors of l?
5
Suppose -836*h + 844*h - 35280 = 0. List the prime factors of h.
2, 3, 5, 7
Let l be ((-36)/15)/((-2)/5). Let x be 16/l*9/(-2). What are the prime factors of -6 + x/(-3) + 54?
2, 13
Let m(b) = 2*b**2 + 25*b + 16. Let h(r) = r**2 + 13*r + 8. Let q(g) = 7*h(g) - 4*m(g). Let x be q(-7). Let k(a) = a + 4. What are the prime factors of k(x)?
2, 5
Let i be 4*(-3)/6 + 2. Suppose i = -u - 2 + 46. What are the prime factors of (-405)/(-11) - (-8)/u?
37
Let q(s) = -s. Let p be q(-2). Let w be p*(18/(-4))/(-3). Suppose 0 = -v + w*d - 4, -4*d + 14 = 2*v + d. List the prime factors of v.
2
Let i(l) = -13*l**3 + 5*l**2 - 29*l - 167. What are the prime factors of i(-5)?
2, 3
What are the prime factors of 29730/270 + (-3)/27?
2, 5, 11
Let o = 2046 - 1326. Suppose -o = -5*d + 265. List the prime factors of d.
197
Let m(c) = 5*c**3 - 5*c**2 - 2*c**3 - c**3 + 0*c**2 + 7. What are the prime factors of m(3)?
2
Suppose 3*g = -2 + 11. Let d be (g - 10)/(1/1). Let k = d + 13. What are the prime factors of k?
2, 3
What are the prime factors of 1666/3 - 20/15?
2, 277
Suppose 0 = -4*t - 2 - 14, -5*t + 664 = 2*l. List the prime factors of l.
2, 3, 19
Suppose -5*g + 3*g - 6 = 0. Let d = 61 - g. What are the prime factors of d?
2
Suppose -5384 = -24*t + 16*t. List the prime factors of t.
673
Suppose 25*l - 5862 = 20*l - 4*f, 0 = 5*l - 5*f - 5835. List the prime factors of l.
2, 3, 5, 13
Let i(q) be the second derivative of -q**4/6 + 2*q**3 - 2*q**2 + q + 11. List the prime factors of i(5).
2, 3
Suppose -j + 9 = 5*a, 2*j + 4 = 3*a + 4*j. Suppose 2*s = 0, -a*s - 41 = -p + 8. List the prime factors of p.
7
Let u be 2 + 1*(-1)/1. Let l be 5/10*(u + -1). Suppose l*o + 190 = 5*o. List the prime factors of o.
2, 19
Suppose 47*r - 30048 = 37209. List the prime factors of r.
3, 53
Suppose 128 = -5*j + j. Let r = 107 + j. List the prime factors of r.
3, 5
What are the prime factors of ((-4668)/(-7))/(14/49)?
2, 3, 389
Let v(k) = -k + 13. Let p be v(11). Suppose -p*w - 3*r + 339 = -2*r, r + 1 = 0. What are the prime factors of w?
2, 5, 17
Suppose 0 = v - 2*g - 10, 0 = -v + 3*g + 9 + 2. Let t = -10 + v. List the prime factors of t/(-2) + (14 - 4).
11
Let r = 9 - 7. Suppose 0 = -2*g - 0*a - r*a, 2*a + 16 = 2*g. Suppose 60 = 4*z + z - 3*v, z = g*v - 5. What are the prime factors of z?
3, 5
Let t(m) = -m**3 + 21*m**2 + m - 2. List the prime factors of t(21).
19
What are the prime factors of (-1)/(-2)*(-150084)/(-22)?
3, 379
Suppose 0 = 5*m - m - 8. Suppose 3*t = m*t - 4. Let k = t - -33. List the prime factors of k.
29
Let h(v) = -8*v - 8. Let f(m) = 0*m - 7*m + 3 - 11. Let x(y) = 5*f(y) - 4*h(y). What are the prime factors of x(-7)?
13
Let a = 1051 + 951. List the prime factors of a.
2, 7, 11, 13
Suppose -6*v = 80 - 200. What are the prime factors of v?
2, 5
Let i = 10 + -13. Let y = -3 - i. Suppose -5*q + 5*n + 125 = y, 2*q + 5*n - 25 = 11. What are the prime factors of q?
23
Suppose 0 = 4*j - g - 953, 2*j + 5*g + 736 = 5*j. List the prime factors of j.
3, 79
List the prime factors of 5/20*(0 - -9508).
2377
Let n = -6 + 10. Let p(u) = n + 2*u - 3*u**2 + 7*u**2 - 6*u. List the prime factors of p(4).
2, 13
Let r be 2 + 0 - (-4 - -5). Let a be (r + 6/(-4))*-142. Suppose 5*n - a = -21. List the prime factors of n.
2, 5
Suppose 4*m = 7*m - 3*d - 2166, -5*d - 2168 = -3*m. List the prime factors of m.
7, 103
Suppose k - 3282 = 3*f, -k - 9852 = -4*k + 3*f. Suppose -g + k = 4*g. List the prime factors of 4/(-14) - g/(-21).
31
Suppose 4*b = -8 - 0. Let a(s) = -8*s**3 - 2*s - 3. What are the prime factors of a(b)?
5, 13
Let c(y) = 3*y + 2. Let f be c(2). Let t = 0 + f. Let p(u) = u**2 - 6*u - 9. What are the prime factors of p(t)?
7
Suppose 0 = -5*t + 4*t - 2*x - 4, -4*x + 10 = 5*t. Suppose 9*l = t*l + 672. What are the prime factors of l?
2, 7
Suppose -9*g + 10*g - 188 = 0. Suppose 4*n - 936 = -g. What are the prime factors of n?
11, 17
Let h(w) = w**3 + 17*w**2 + 18*w + 32. Let s be h(-16). Suppose s = 8*x - 6*x - 210. List the prime factors of x.
3, 5, 7
Let u be 5 - 0 - 3 - 3. Let t(f) = -f. Let m(o) = -7*o - 3. Let n(j) = u*m(j) + 6*t(j). List the prime factors of n(3).
2, 3
Let f = 179 - 174. Suppose -4*y + i + 125 = 0, 0*y = 2*y + 5*i - 79. Suppose 93 = f*u - y. List the prime factors of u.
5
Suppose -5*g - 62 = -3*j, 5*g + 38 = -3*j - 0*j. Suppose -4*r = -5*x + 50, 3*r + 42 - 5 = 4*x. Let f = g - r. What are the prime factors of f?
5
Let c = -24 + 27. Suppose c*d + 0*d - 8 = 4*b, -3 = -3*b. List the prime factors of d.
2
Let g be 12/24 - 2/4. Let o(f) = f**2 - f + 23. What are the prime factors of o(g)?
23
Suppose 6*w - 8*w + 34 = 0. Suppose -3*r + 0*r - 2*p + 91 = 0, -r + w = 4*p. List the prime factors of r.
3, 11
Suppose 3457 = -37*n + 88150. What are the prime factors of n?
3, 7, 109
Let x(n) = n**2 - 3 + 0*n**2 - 25. List the prime factors of x(9).
53
Let g(y) = y**3 + 8*y**2 - y - 6. Let n be g(-8). Suppose -c - n*p = 2*c + 133, 3*c = -3*p - 132. List the prime factors of (-1 - c/2)*2.
43
Let v be (-3 + 4)/(4/(-28)). Let w = 24 + v. Suppose -w = -j + 1. What are the prime factors of j?
2, 3
Let w = 204 - 199. Let v = -4 + 6. Sup